thousands digit of 303513/27 + 3 - ((-1610)/126 + 13)?
1
Suppose 37*f = -193*f + 4529160. What is the tens digit of f?
9
Suppose 3*g = 3*c + 2472, c - 1 = -0*c. Let x = -557 + g. What is the units digit of x?
8
Let q(n) = -32*n + 1. Let t be q(-28). Let o = 2336 - t. What is the thousands digit of o?
1
Let g(l) = 31*l + 26. Let m be g(4). Let k = m - 68. What is the units digit of k?
2
Suppose -q - 13 = -d, -2*d + 15 = -q - 1. Let a = q - -26. Suppose -i + 18 = -a. What is the tens digit of i?
3
Let a be 14032 - (-6)/6*8. Suppose 53*c - 71*c = -a. What is the tens digit of c?
8
Suppose -3*i - 4*t + 182987 = 0, 0 = -4*i + 116*t - 117*t + 243987. What is the ten thousands digit of i?
6
Let r = 974 - 37. Let b = 1478 - r. What is the tens digit of b?
4
Let j be (-1)/(-5) - (21/5)/1. Let o(h) = -2*h**3 - 2*h**2 + h - 6. Let q be o(j). Let t = -29 + q. What is the units digit of t?
7
Let k be -26*(-2 + 3) + -5. Let p(q) = q**3 + q**2 + 70. Let i be p(0). Let f = i + k. What is the units digit of f?
9
Let m(x) be the second derivative of 0*x**2 - 1/2*x**3 + 11*x + 0 - 1/4*x**5 + 1/4*x**4. What is the hundreds digit of m(-3)?
1
Let h(u) = 16*u - 6. Let f be h(33). Let q = f - 283. What is the tens digit of q?
3
Suppose 135 = -5*t + x, 8*t + 4*x + 48 = 7*t. Suppose 4*m = 2*u - 7*u + 414, 0 = m - 3*u - 95. Let a = t + m. What is the units digit of a?
3
Suppose 0 = -2*l - 10*b + 6*b + 1384, -2*l + 2*b = -1354. Let k = l + 9. What is the tens digit of k?
9
Let t(b) be the second derivative of 6*b**4 - 34*b + 1. What is the tens digit of t(-1)?
7
Suppose 2*r - 5*c - 6 - 101 = 0, -4*r + 239 = -5*c. Let x = r - 20. Suppose x = 11*d - 9. What is the units digit of d?
5
Suppose 41*q - 15*q - 10920 = 14*q. Suppose 46 - 154 = -4*j. Suppose -32*b + q = -j*b. What is the tens digit of b?
8
Suppose 2*j + 3*x - 18 = 0, -5*x + 0*x - 36 = -4*j. Suppose j*y - 1519 = 6266. What is the units digit of y?
5
Suppose -12*q = -72 + 324. Let n = -19 - q. Suppose r - 2*k = -3*r + 74, -43 = -n*r - k. What is the units digit of r?
0
Let r be 3/8 - (-25431)/24. Suppose 8*k + r = 12*k. Suppose 3*o - 32 = k. What is the units digit of o?
9
Suppose -24*t + 70583 + 259761 = -102880. What is the tens digit of t?
5
What is the tens digit of (-2)/1*4 - 15*185575/(-75)?
0
Suppose -4*i + i = -588. Suppose -2*c + 528 = -i. What is the units digit of c?
2
Suppose -4*p + 233660 = -4*d, -8*d - 292090 = 27*p - 32*p. What is the ten thousands digit of p?
5
Let c(m) = m**3 + 16*m**2 + 16*m + 14. Let z be c(-15). What is the units digit of 5 - (-1 - (6 + z))*94?
9
Let s(l) = l**3 + 42*l**2 + 38*l - 59. Let t be s(-41). Suppose -t*g - 252 = -70*g. What is the units digit of g?
2
Let y = 38412 - -19677. What is the hundreds digit of y?
0
Let u be 2*(-140602)/(-112) - (-3)/(-4). Let c = 3663 - u. What is the hundreds digit of c?
1
Let h(i) = 22*i - 8. Let v be h(6). Suppose -25 = -5*p, 0 = -3*u + 4*p - 328 + 89. Let m = v + u. What is the tens digit of m?
5
Let y = 40975 - 19252. What is the units digit of y?
3
Suppose 111 = z - 0*z - 4*k, -4*z + 3*k + 457 = 0. What is the hundreds digit of 3 - (z/(-69))/(1/498)?
8
Let x(d) = -23 - 12 + 1 + 17*d - 6. Let h(v) = 8*v. Let o be h(1). What is the tens digit of x(o)?
9
Let o(q) = -q**2 + 83*q - 12. Let s = -188 - -205. What is the tens digit of o(s)?
1
Suppose 329 - 326 = -z. Let c = 55 - z. What is the tens digit of c?
5
Let w(g) be the first derivative of -7/3*g**3 + 2*g**2 + 11*g + 15 - 1/4*g**4. What is the hundreds digit of w(-9)?
1
What is the hundreds digit of 26/91*-3 - (-757538)/14?
1
Suppose -103*w - 121813 = -1176533. What is the hundreds digit of w?
2
Let q = 686 + 322. What is the tens digit of q?
0
Suppose 2*y + 23 = 51. Suppose 198 = -13*q + y*q. What is the units digit of q?
8
Let v(w) = 22*w - 6. Let o be v(4). Let r = o + -81. What is the tens digit of (r/(-2))/((-5)/900)?
9
Let p(j) = -989*j - 693. What is the units digit of p(-9)?
8
Let x(y) = -y**2 - 6*y + 8. Let w be (-28)/(-8)*((6 - 3) + -5). Let p be x(w). What is the units digit of p*4/(-8) + (-556)/(-8)?
9
Let v be (-5)/(-2) + -6 + (-11)/(-2). Let j be (-20)/8*6*4/(-30). Suppose 2*y - 414 = -v*o, y + 424 = 2*o - j*y. What is the tens digit of o?
0
Let o(r) = -41*r + 56. Let y(p) = 10*p - 14. Let c(k) = 2*o(k) + 9*y(k). Let v be c(9). Suppose v = 5*h - 22. What is the units digit of h?
6
Let s be -1 + (1 - -1) - (-8 + -91). What is the thousands digit of 65676/40 - (-10)/s?
1
Let p(t) = 27*t - 15*t + 256*t**2 - 9*t. Let r be p(1). Let c = r + 2. What is the units digit of c?
1
Suppose -125*v + 4*d + 15874 = -124*v, 0 = -4*v + d + 63481. What is the thousands digit of v?
5
Suppose -1204*d + 1198*d + 20226 = 0. What is the tens digit of d?
7
Let d(j) = j**3 - 4*j**2 - 6*j + 23. Let a = 101 - 97. Let b be d(a). What is the tens digit of (591/3)/(b/(-1))?
9
Suppose -u + 3*d = -3*u - 65, -5*u - 137 = -d. What is the hundreds digit of (1 + -2)/(u/15568)?
5
Suppose 0 = 17*u + 156005 - 430249. What is the thousands digit of u?
6
Suppose -589969 = -38*k - 45*k + 660758. What is the hundreds digit of k?
0
Let w = -210 + 251. What is the tens digit of w + -2 - 0 - 1?
3
Let i = 2 + 46. Suppose 0 = 5*z - t - 194 + i, -4*t = 4*z - 112. What is the tens digit of z?
2
Let n = -3928 - -34565. What is the units digit of n?
7
Suppose 5*d - 801 = w, -1 = 4*w + 3. Let r = d - 106. Let f = r - 10. What is the tens digit of f?
4
Let j(i) = 19*i**2 + 3*i - 16. Let s be j(11). Let o be 2/9 - (1 + s/(-27)). Suppose 6*c - 1519 = -o. What is the hundreds digit of c?
2
What is the thousands digit of ((-21)/(-21))/(8916/(-8917) + 1)?
8
Let s(r) = 9*r**3 + 6*r**2 + 40*r - 211. Let l(a) = -6*a**3 - 4*a**2 - 27*a + 141. Let m(g) = 7*l(g) + 5*s(g). What is the units digit of m(7)?
6
Let u(r) = -r**3 - 5*r**2 + 17*r - 17. Let g = 5 - 14. What is the hundreds digit of u(g)?
1
Suppose 4*z - 5*v = 103027, -36*v - 51468 = -2*z - 40*v. What is the units digit of z?
8
What is the hundreds digit of -44*(-7)/(280/19830) + 7?
8
Let y(c) = 10 - 2 - 3 + 314*c + 8 - 4. What is the units digit of y(1)?
3
Let d be ((-1510)/(-8))/(10/120 + 0). Let u = -773 + d. What is the thousands digit of u?
1
What is the hundreds digit of (5119 + 17 - 14) + (-10)/(-4)*-2?
1
Let i(o) = 1440*o - 1612. What is the thousands digit of i(19)?
5
Let n = -101592 + 142624. Suppose 31*k = 11234 + n. What is the units digit of k?
6
What is the ten thousands digit of 560635/9 - (-1096)/4932?
6
Let h = 23473 - 6431. What is the hundreds digit of h?
0
Let u = 13730 - -21686. What is the units digit of u?
6
Suppose 5526708 = 139*v + 1587372 - 1098024. What is the thousands digit of v?
6
Let d = -63 - -66. Suppose 58 = -d*z - 53. Let u = z + 68. What is the units digit of u?
1
Let x = 20146 - 10863. What is the hundreds digit of x?
2
Suppose -51*a + 53*a - 134007 = -7*w, 4*a = 4*w - 76560. What is the units digit of w?
3
Suppose -8 = -2*c - 4*l, -4*c - 2*l + 16 = 2*l. Suppose a = -c*s + 252, 2*s - 2*a - 81 = 45. Let h = -35 + s. What is the units digit of h?
8
Let l = 5641 + -298. What is the units digit of l?
3
Suppose -507*b - 70 = -521*b. Let s = 4 - 2. Suppose -b*x - j = -380 + 23, 282 = 4*x + s*j. What is the units digit of x?
2
Let y = 4854 - 3381. What is the units digit of y?
3
Let z(p) = 4*p - 14. Let u be z(4). Suppose 5*h + u*y - 328 = 0, 4*h + h - y = 331. What is the tens digit of h?
6
What is the tens digit of (-124)/279 + 11163/27?
1
Suppose f - o - 27298 = 0, -4*o = -0*f - 3*f + 81897. What is the units digit of f?
5
Let f = 30845 - 26327. What is the tens digit of f?
1
Suppose -2*t - 2*q + 5 = 3*t, 4*t - 17 = q. Suppose t*o = -15*o + 8334. What is the tens digit of o?
6
Let l(t) = t**3 - 8*t**2 + 10*t - 16. Let o be l(7). Suppose -s + 3*d + d = -19, -3*s + 91 = o*d. What is the units digit of s?
7
Let n(v) = 3*v**3 + 61*v**2 - 31*v - 29. Let b be n(-31). What is the units digit of ((-12)/14)/(60/b)?
6
Suppose 2*n + 5*b - 13438 = 0, -n = 17*b - 14*b - 6718. What is the hundreds digit of n?
7
Suppose -5*p + 4*p = -4. Let q(i) = -136*i - 56. Let w(b) = 27*b + 11. Let k(m) = 3*q(m) + 16*w(m). What is the tens digit of k(p)?
0
Suppose -107064 = -6*v - 3*a, -35704 = -2*v - 0*a + a. What is the tens digit of v?
4
Let o(q) = 17*q + 27. Let u(l